Dec 03 13:52:57.961 INFO testing dkregistry-0.2.1 against master#8940af3cea4a9a9deabcaf843b2f8cad9a83fc61 for beta-1.31-5
Dec 03 13:52:57.961 INFO running `"docker" "create" "-v" "/mnt/big/crater/work/local/target-dirs/beta-1.31-5/worker-5/master#8940af3cea4a9a9deabcaf843b2f8cad9a83fc61:/target:rw,Z" "-v" "/mnt/big/crater/work/local/test-source/worker-5/beta-1.31-5/master#8940af3cea4a9a9deabcaf843b2f8cad9a83fc61:/source:ro,Z" "-v" "/mnt/big/crater/work/local/cargo-home:/cargo-home:ro,Z" "-v" "/mnt/big/crater/work/local/rustup-home:/rustup-home:ro,Z" "-e" "USER_ID=1000" "-e" "SOURCE_DIR=/source" "-e" "USER_ID=1000" "-e" "CMD=cargo +8940af3cea4a9a9deabcaf843b2f8cad9a83fc61-alt build --frozen" "-e" "CARGO_TARGET_DIR=/target" "-e" "CARGO_INCREMENTAL=0" "-e" "RUST_BACKTRACE=full" "-e" "RUSTFLAGS=--cap-lints=warn" "-e" "CARGO_HOME=/cargo-home" "-e" "RUSTUP_HOME=/rustup-home" "-m" "1536M" "--network" "none" "crater"`
Dec 03 13:52:58.287 INFO [stdout] 23572b7c9408b0d8b28f54d6222662826a2b208544ad8839055d1037a5ec2b10
Dec 03 13:52:58.293 INFO running `"docker" "start" "-a" "23572b7c9408b0d8b28f54d6222662826a2b208544ad8839055d1037a5ec2b10"`
Dec 03 13:52:59.203 INFO [stderr] usermod: no changes
Dec 03 13:52:59.619 INFO [stderr]    Compiling strum_macros v0.11.0
Dec 03 13:53:07.925 INFO [stderr]    Compiling dkregistry v0.2.1 (/source)
Dec 03 13:53:25.204 INFO [stderr]     Finished dev [unoptimized + debuginfo] target(s) in 25.96s
Dec 03 13:53:25.223 INFO [stderr] su: No module specific data is present
Dec 03 13:53:26.131 INFO running `"docker" "inspect" "23572b7c9408b0d8b28f54d6222662826a2b208544ad8839055d1037a5ec2b10"`
Dec 03 13:53:26.417 INFO running `"docker" "rm" "-f" "23572b7c9408b0d8b28f54d6222662826a2b208544ad8839055d1037a5ec2b10"`
Dec 03 13:53:26.687 INFO [stdout] 23572b7c9408b0d8b28f54d6222662826a2b208544ad8839055d1037a5ec2b10
Dec 03 13:53:26.691 INFO running `"docker" "create" "-v" "/mnt/big/crater/work/local/target-dirs/beta-1.31-5/worker-5/master#8940af3cea4a9a9deabcaf843b2f8cad9a83fc61:/target:rw,Z" "-v" "/mnt/big/crater/work/local/test-source/worker-5/beta-1.31-5/master#8940af3cea4a9a9deabcaf843b2f8cad9a83fc61:/source:ro,Z" "-v" "/mnt/big/crater/work/local/cargo-home:/cargo-home:ro,Z" "-v" "/mnt/big/crater/work/local/rustup-home:/rustup-home:ro,Z" "-e" "USER_ID=1000" "-e" "SOURCE_DIR=/source" "-e" "USER_ID=1000" "-e" "CMD=cargo +8940af3cea4a9a9deabcaf843b2f8cad9a83fc61-alt test --frozen --no-run" "-e" "CARGO_TARGET_DIR=/target" "-e" "CARGO_INCREMENTAL=0" "-e" "RUST_BACKTRACE=full" "-e" "RUSTFLAGS=--cap-lints=warn" "-e" "CARGO_HOME=/cargo-home" "-e" "RUSTUP_HOME=/rustup-home" "-m" "1536M" "--network" "none" "crater"`
Dec 03 13:53:27.212 INFO [stdout] efb5965853c7fae414e5518995e62815a62c90f6e1492f8e043f05669130ad2d
Dec 03 13:53:27.217 INFO running `"docker" "start" "-a" "efb5965853c7fae414e5518995e62815a62c90f6e1492f8e043f05669130ad2d"`
Dec 03 13:53:29.614 INFO [stderr] usermod: no changes
Dec 03 13:53:29.922 INFO [stderr]    Compiling dkregistry v0.2.1 (/source)
Dec 03 13:54:37.595 INFO [stderr]     Finished dev [unoptimized + debuginfo] target(s) in 1m 07s
Dec 03 13:54:37.635 INFO [stderr] su: No module specific data is present
Dec 03 13:54:39.165 INFO running `"docker" "inspect" "efb5965853c7fae414e5518995e62815a62c90f6e1492f8e043f05669130ad2d"`
Dec 03 13:54:39.443 INFO running `"docker" "rm" "-f" "efb5965853c7fae414e5518995e62815a62c90f6e1492f8e043f05669130ad2d"`
Dec 03 13:54:39.693 INFO [stdout] efb5965853c7fae414e5518995e62815a62c90f6e1492f8e043f05669130ad2d
Dec 03 13:54:39.699 INFO running `"docker" "create" "-v" "/mnt/big/crater/work/local/target-dirs/beta-1.31-5/worker-5/master#8940af3cea4a9a9deabcaf843b2f8cad9a83fc61:/target:rw,Z" "-v" "/mnt/big/crater/work/local/test-source/worker-5/beta-1.31-5/master#8940af3cea4a9a9deabcaf843b2f8cad9a83fc61:/source:ro,Z" "-v" "/mnt/big/crater/work/local/cargo-home:/cargo-home:ro,Z" "-v" "/mnt/big/crater/work/local/rustup-home:/rustup-home:ro,Z" "-e" "USER_ID=1000" "-e" "SOURCE_DIR=/source" "-e" "USER_ID=1000" "-e" "CMD=cargo +8940af3cea4a9a9deabcaf843b2f8cad9a83fc61-alt test --frozen" "-e" "CARGO_TARGET_DIR=/target" "-e" "CARGO_INCREMENTAL=0" "-e" "RUST_BACKTRACE=full" "-e" "RUSTFLAGS=--cap-lints=warn" "-e" "CARGO_HOME=/cargo-home" "-e" "RUSTUP_HOME=/rustup-home" "-m" "1536M" "--network" "none" "crater"`
Dec 03 13:54:40.147 INFO [stdout] cdfb49bf08ea4ed96f14b1ae0739807c4b5ad3b7455c8a1dcfd33bf4c67c0513
Dec 03 13:54:40.151 INFO running `"docker" "start" "-a" "cdfb49bf08ea4ed96f14b1ae0739807c4b5ad3b7455c8a1dcfd33bf4c67c0513"`
Dec 03 13:54:41.451 INFO [stderr] usermod: no changes
Dec 03 13:54:41.895 INFO [stderr]     Finished dev [unoptimized + debuginfo] target(s) in 0.40s
Dec 03 13:54:41.917 INFO [stderr]      Running /target/debug/deps/dkregistry-bbea36ec34e17a27
Dec 03 13:54:41.925 INFO [stdout] 
Dec 03 13:54:41.925 INFO [stdout] running 0 tests
Dec 03 13:54:41.925 INFO [stdout] 
Dec 03 13:54:41.925 INFO [stdout] test result: ok. 0 passed; 0 failed; 0 ignored; 0 measured; 0 filtered out
Dec 03 13:54:41.925 INFO [stdout] 
Dec 03 13:54:41.926 INFO [stderr]      Running /target/debug/deps/manifest-e22b5f08d5ee1807
Dec 03 13:54:41.928 INFO [stdout] 
Dec 03 13:54:41.928 INFO [stdout] running 4 tests
Dec 03 13:54:41.937 INFO [stdout] test test_deserialize_manifest_list_v2 ... ok
Dec 03 13:54:41.937 INFO [stdout] test test_deserialize_manifest_v2s1_signed ... ok
Dec 03 13:54:41.937 INFO [stdout] test test_deserialize_manifest_v2s2 ... ok
Dec 03 13:54:41.940 INFO [stdout] test test_deserialize_etcd_manifest ... ok
Dec 03 13:54:41.940 INFO [stdout] 
Dec 03 13:54:41.940 INFO [stdout] test result: ok. 4 passed; 0 failed; 0 ignored; 0 measured; 0 filtered out
Dec 03 13:54:41.940 INFO [stdout] 
Dec 03 13:54:41.940 INFO [stderr]      Running /target/debug/deps/mod-1610c87fe8ceb867
Dec 03 13:54:41.943 INFO [stdout] 
Dec 03 13:54:41.943 INFO [stdout] running 0 tests
Dec 03 13:54:41.943 INFO [stdout] 
Dec 03 13:54:41.943 INFO [stdout] test result: ok. 0 passed; 0 failed; 0 ignored; 0 measured; 0 filtered out
Dec 03 13:54:41.943 INFO [stdout] 
Dec 03 13:54:41.951 INFO [stderr]      Running /target/debug/deps/reference-9d17c88ff19bb600
Dec 03 13:54:41.956 INFO [stdout] 
Dec 03 13:54:41.956 INFO [stdout] running 2 tests
Dec 03 13:54:41.963 INFO [stdout] test test_reference_error ... ok
Dec 03 13:54:41.963 INFO [stdout] test test_reference_repo ... ok
Dec 03 13:54:41.963 INFO [stdout] 
Dec 03 13:54:41.963 INFO [stdout] test result: ok. 2 passed; 0 failed; 0 ignored; 0 measured; 0 filtered out
Dec 03 13:54:41.963 INFO [stdout] 
Dec 03 13:54:41.967 INFO [stderr]    Doc-tests dkregistry
Dec 03 13:54:53.687 INFO [stdout] 
Dec 03 13:54:53.687 INFO [stdout] running 3 tests
Dec 03 13:55:20.923 INFO [stdout] test src/reference.rs - reference (line 7) ... ok
Dec 03 13:55:22.732 INFO [stdout] test src/lib.rs -  (line 8) ... FAILED
Dec 03 13:55:23.667 INFO [stdout] test src/v2/mod.rs - v2 (line 9) ... FAILED
Dec 03 13:55:23.667 INFO [stdout] 
Dec 03 13:55:23.667 INFO [stdout] failures:
Dec 03 13:55:23.667 INFO [stdout] 
Dec 03 13:55:23.667 INFO [stdout] ---- src/lib.rs -  (line 8) stdout ----
Dec 03 13:55:23.667 INFO [stdout] thread 'src/lib.rs -  (line 8)' panicked at 'test executable failed:
Dec 03 13:55:23.667 INFO [stdout] 
Dec 03 13:55:23.667 INFO [stdout] thread 'main' panicked at 'called `Result::unwrap()` on an `Err` value: Error(Hyper(Error { kind: Connect, cause: Custom { kind: Other, error: StringError("failed to lookup address information: Temporary failure in name resolution") } }), State { next_error: None, backtrace: InternalBacktrace })', libcore/result.rs:1009:5
Dec 03 13:55:23.667 INFO [stdout] stack backtrace:
Dec 03 13:55:23.667 INFO [stdout]    0:     0x55a120df641f - std::sys::unix::backtrace::tracing::imp::unwind_backtrace::h3a8b83e1922cbdde
Dec 03 13:55:23.667 INFO [stdout]                                at libstd/sys/unix/backtrace/tracing/gcc_s.rs:49
Dec 03 13:55:23.667 INFO [stdout]    1:     0x55a120dff697 - std::sys_common::backtrace::print::h00d3155a29b4020f
Dec 03 13:55:23.667 INFO [stdout]                                at libstd/sys_common/backtrace.rs:71
Dec 03 13:55:23.667 INFO [stdout]                                at libstd/sys_common/backtrace.rs:59
Dec 03 13:55:23.667 INFO [stdout]    2:     0x55a120dfa48f - std::panicking::default_hook::{{closure}}::hd7465c742e79e1bb
Dec 03 13:55:23.667 INFO [stdout]                                at libstd/panicking.rs:211
Dec 03 13:55:23.667 INFO [stdout]    3:     0x55a120dfa1f4 - std::panicking::default_hook::h9e3966f2aa2a6e12
Dec 03 13:55:23.667 INFO [stdout]                                at libstd/panicking.rs:227
Dec 03 13:55:23.667 INFO [stdout]    4:     0x55a120dfab6e - std::panicking::rust_panic_with_hook::h587f091ae747d080
Dec 03 13:55:23.667 INFO [stdout]                                at libstd/panicking.rs:476
Dec 03 13:55:23.667 INFO [stdout]    5:     0x55a120dfa711 - std::panicking::continue_panic_fmt::hb3a4fdede87f43a8
Dec 03 13:55:23.667 INFO [stdout]                                at libstd/panicking.rs:390
Dec 03 13:55:23.667 INFO [stdout]    6:     0x55a120dfa5f5 - rust_begin_unwind
Dec 03 13:55:23.667 INFO [stdout]                                at libstd/panicking.rs:325
Dec 03 13:55:23.667 INFO [stdout]    7:     0x55a120e3ae7c - core::panicking::panic_fmt::h6f9cebf5e7474a0b
Dec 03 13:55:23.667 INFO [stdout]                                at libcore/panicking.rs:77
Dec 03 13:55:23.667 INFO [stdout]    8:     0x55a12084888c - core::result::unwrap_failed::h6bfd9975ad398b63
Dec 03 13:55:23.667 INFO [stdout]    9:     0x55a120848708 - <core::result::Result<T, E>>::unwrap::hcd1b769576ecdae3
Dec 03 13:55:23.667 INFO [stdout]   10:     0x55a120846b47 - rust_out::main::h944e552f3f67b4ba
Dec 03 13:55:23.667 INFO [stdout]   11:     0x55a120848c72 - std::rt::lang_start::{{closure}}::h75e93374870778fd
Dec 03 13:55:23.667 INFO [stdout]   12:     0x55a120dfa592 - std::panicking::try::do_call::h52e7f80ff0fdcc45
Dec 03 13:55:23.667 INFO [stdout]                                at libstd/rt.rs:59
Dec 03 13:55:23.667 INFO [stdout]                                at libstd/panicking.rs:310
Dec 03 13:55:23.667 INFO [stdout]   13:     0x55a120e0a649 - __rust_maybe_catch_panic
Dec 03 13:55:23.667 INFO [stdout]                                at libpanic_unwind/lib.rs:102
Dec 03 13:55:23.667 INFO [stdout]   14:     0x55a120deb5da - std::rt::lang_start_internal::h38cae898de7f805c
Dec 03 13:55:23.667 INFO [stdout]                                at libstd/panicking.rs:289
Dec 03 13:55:23.667 INFO [stdout]                                at libstd/panic.rs:392
Dec 03 13:55:23.667 INFO [stdout]                                at libstd/rt.rs:58
Dec 03 13:55:23.667 INFO [stdout]   15:     0x55a120848c54 - std::rt::lang_start::h75a65a13903c9f73
Dec 03 13:55:23.667 INFO [stdout]   16:     0x55a12084744a - main
Dec 03 13:55:23.667 INFO [stdout]   17:     0x7fb5fcfbd82f - __libc_start_main
Dec 03 13:55:23.667 INFO [stdout]   18:     0x55a120840aa8 - _start
Dec 03 13:55:23.667 INFO [stdout]   19:                0x0 - <unknown>
Dec 03 13:55:23.667 INFO [stdout] 
Dec 03 13:55:23.667 INFO [stdout] ', librustdoc/test.rs:367:17
Dec 03 13:55:23.667 INFO [stdout] stack backtrace:
Dec 03 13:55:23.667 INFO [stdout]    0:     0x7ff9d726290f - std::sys::unix::backtrace::tracing::imp::unwind_backtrace::h3a8b83e1922cbdde
Dec 03 13:55:23.667 INFO [stdout]                                at libstd/sys/unix/backtrace/tracing/gcc_s.rs:49
Dec 03 13:55:23.667 INFO [stdout]    1:     0x7ff9d7247897 - std::sys_common::backtrace::print::h00d3155a29b4020f
Dec 03 13:55:23.667 INFO [stdout]                                at libstd/sys_common/backtrace.rs:71
Dec 03 13:55:23.667 INFO [stdout]                                at libstd/sys_common/backtrace.rs:59
Dec 03 13:55:23.667 INFO [stdout]    2:     0x7ff9d726dcef - std::panicking::default_hook::{{closure}}::hd7465c742e79e1bb
Dec 03 13:55:23.667 INFO [stdout]                                at libstd/panicking.rs:211
Dec 03 13:55:23.667 INFO [stdout]    3:     0x7ff9d726d9ee - std::panicking::default_hook::h9e3966f2aa2a6e12
Dec 03 13:55:23.667 INFO [stdout]                                at libstd/panicking.rs:221
Dec 03 13:55:23.667 INFO [stdout]    4:     0x7ff9d93f8951 - rustc::util::common::panic_hook::h27965632b67fe74e
Dec 03 13:55:23.667 INFO [stdout]    5:     0x7ff9d726e4e6 - std::panicking::rust_panic_with_hook::h587f091ae747d080
Dec 03 13:55:23.667 INFO [stdout]                                at libstd/panicking.rs:480
Dec 03 13:55:23.667 INFO [stdout]    6:     0x7ff9d726e031 - std::panicking::continue_panic_fmt::hb3a4fdede87f43a8
Dec 03 13:55:23.667 INFO [stdout]                                at libstd/panicking.rs:390
Dec 03 13:55:23.667 INFO [stdout]    7:     0x7ff9d726df7e - std::panicking::begin_panic_fmt::h387afc7da9a10555
Dec 03 13:55:23.667 INFO [stdout]                                at libstd/panicking.rs:345
Dec 03 13:55:23.667 INFO [stdout]    8:     0x557fd0594ff8 - <rustdoc::test::Collector as rustdoc::test::Tester>::add_test::{{closure}}::{{closure}}::{{closure}}::h1a7d462b7674a13e
Dec 03 13:55:23.668 INFO [stdout]                                at librustdoc/test.rs:367
Dec 03 13:55:23.668 INFO [stdout]                                at librustdoc/test.rs:596
Dec 03 13:55:23.668 INFO [stdout]    9:     0x557fd054a1f8 - <scoped_tls::ScopedKey<T>>::set::h9a299037e2efdd79
Dec 03 13:55:23.668 INFO [stdout]                                at /cargo/registry/src/github.com-1ecc6299db9ec823/scoped-tls-0.1.2/src/lib.rs:155
Dec 03 13:55:23.668 INFO [stdout]                                at libsyntax/lib.rs:106
Dec 03 13:55:23.668 INFO [stdout]                                at /cargo/registry/src/github.com-1ecc6299db9ec823/scoped-tls-0.1.2/src/lib.rs:155
Dec 03 13:55:23.668 INFO [stdout]   10:     0x557fd034e601 - syntax::with_globals::hc9a23e436a64729f
Dec 03 13:55:23.668 INFO [stdout]                                at libsyntax/lib.rs:105
Dec 03 13:55:23.668 INFO [stdout]   11:     0x557fd0400dbb - std::panicking::try::do_call::hd95e3a92339aa7c0
Dec 03 13:55:23.668 INFO [stdout]                                at librustdoc/test.rs:593
Dec 03 13:55:23.668 INFO [stdout]                                at libstd/panic.rs:313
Dec 03 13:55:23.668 INFO [stdout]                                at libstd/panicking.rs:310
Dec 03 13:55:23.668 INFO [stdout]   12:     0x7ff9d727bcd9 - __rust_maybe_catch_panic
Dec 03 13:55:23.668 INFO [stdout]                                at libpanic_unwind/lib.rs:102
Dec 03 13:55:23.668 INFO [stdout]   13:     0x557fd0423f49 - rustc_driver::in_named_rustc_thread::h5d5326e5f9843b1f
Dec 03 13:55:23.668 INFO [stdout]                                at libstd/panicking.rs:289
Dec 03 13:55:23.668 INFO [stdout]                                at libstd/panic.rs:392
Dec 03 13:55:23.668 INFO [stdout]                                at librustc_driver/lib.rs:1546
Dec 03 13:55:23.668 INFO [stdout]   14:     0x557fd0562eb0 - <F as alloc::boxed::FnBox<A>>::call_box::h85b70bbf522f8d35
Dec 03 13:55:23.668 INFO [stdout]                                at librustdoc/test.rs:593
Dec 03 13:55:23.668 INFO [stdout]                                at liballoc/boxed.rs:672
Dec 03 13:55:23.668 INFO [stdout]   15:     0x7ff9d88dd022 - <F as alloc::boxed::FnBox<A>>::call_box::h37f4bb882553d58c
Dec 03 13:55:23.668 INFO [stdout]                                at libtest/lib.rs:1461
Dec 03 13:55:23.668 INFO [stdout]                                at liballoc/boxed.rs:672
Dec 03 13:55:23.668 INFO [stdout]   16:     0x7ff9d727bcd9 - __rust_maybe_catch_panic
Dec 03 13:55:23.668 INFO [stdout]                                at libpanic_unwind/lib.rs:102
Dec 03 13:55:23.668 INFO [stdout]   17:     0x7ff9d8905462 - std::sys_common::backtrace::__rust_begin_short_backtrace::hb8f0d0309526c184
Dec 03 13:55:23.668 INFO [stdout]                                at libstd/panicking.rs:289
Dec 03 13:55:23.668 INFO [stdout]                                at libstd/panic.rs:392
Dec 03 13:55:23.668 INFO [stdout]                                at libtest/lib.rs:1423
Dec 03 13:55:23.668 INFO [stdout]                                at libstd/sys_common/backtrace.rs:136
Dec 03 13:55:23.668 INFO [stdout]   18:     0x7ff9d8906204 - std::panicking::try::do_call::hc2f7c8b9a348d8db
Dec 03 13:55:23.668 INFO [stdout]                                at libstd/thread/mod.rs:409
Dec 03 13:55:23.668 INFO [stdout]                                at libstd/panic.rs:313
Dec 03 13:55:23.668 INFO [stdout]                                at libstd/panicking.rs:310
Dec 03 13:55:23.668 INFO [stdout]   19:     0x7ff9d727bcd9 - __rust_maybe_catch_panic
Dec 03 13:55:23.668 INFO [stdout]                                at libpanic_unwind/lib.rs:102
Dec 03 13:55:23.668 INFO [stdout]   20:     0x7ff9d88ee94c - <F as alloc::boxed::FnBox<A>>::call_box::h6bfded618e480b32
Dec 03 13:55:23.668 INFO [stdout]                                at libstd/panicking.rs:289
Dec 03 13:55:23.668 INFO [stdout]                                at libstd/panic.rs:392
Dec 03 13:55:23.668 INFO [stdout]                                at libstd/thread/mod.rs:408
Dec 03 13:55:23.668 INFO [stdout]                                at liballoc/boxed.rs:672
Dec 03 13:55:23.668 INFO [stdout]   21:     0x7ff9d7268c9d - std::sys_common::thread::start_thread::h4c28257d67cdf9cb
Dec 03 13:55:23.668 INFO [stdout]                                at liballoc/boxed.rs:682
Dec 03 13:55:23.668 INFO [stdout]                                at libstd/sys_common/thread.rs:24
Dec 03 13:55:23.668 INFO [stdout]   22:     0x7ff9d723e4d5 - std::sys::unix::thread::Thread::new::thread_start::hfecb2e7eff8fd34f
Dec 03 13:55:23.668 INFO [stdout]                                at libstd/sys/unix/thread.rs:90
Dec 03 13:55:23.668 INFO [stdout]   23:     0x7ff9d6dca6b9 - start_thread
Dec 03 13:55:23.668 INFO [stdout]   24:     0x7ff9d68ea41c - clone
Dec 03 13:55:23.668 INFO [stdout]   25:                0x0 - <unknown>
Dec 03 13:55:23.668 INFO [stdout] query stack during panic:
Dec 03 13:55:23.668 INFO [stdout] end of query stack
Dec 03 13:55:23.668 INFO [stdout] 
Dec 03 13:55:23.668 INFO [stdout] ---- src/v2/mod.rs - v2 (line 9) stdout ----
Dec 03 13:55:23.668 INFO [stdout] thread 'src/v2/mod.rs - v2 (line 9)' panicked at 'test executable failed:
Dec 03 13:55:23.668 INFO [stdout] 
Dec 03 13:55:23.668 INFO [stdout] thread 'main' panicked at 'called `Result::unwrap()` on an `Err` value: Error(Hyper(Error { kind: Connect, cause: Custom { kind: Other, error: StringError("failed to lookup address information: Temporary failure in name resolution") } }), State { next_error: None, backtrace: InternalBacktrace })', libcore/result.rs:1009:5
Dec 03 13:55:23.668 INFO [stdout] stack backtrace:
Dec 03 13:55:23.668 INFO [stdout]    0:     0x55b532f2d1ff - std::sys::unix::backtrace::tracing::imp::unwind_backtrace::h3a8b83e1922cbdde
Dec 03 13:55:23.668 INFO [stdout]                                at libstd/sys/unix/backtrace/tracing/gcc_s.rs:49
Dec 03 13:55:23.668 INFO [stdout]    1:     0x55b532f36467 - std::sys_common::backtrace::print::h00d3155a29b4020f
Dec 03 13:55:23.668 INFO [stdout]                                at libstd/sys_common/backtrace.rs:71
Dec 03 13:55:23.668 INFO [stdout]                                at libstd/sys_common/backtrace.rs:59
Dec 03 13:55:23.668 INFO [stdout]    2:     0x55b532f3125f - std::panicking::default_hook::{{closure}}::hd7465c742e79e1bb
Dec 03 13:55:23.668 INFO [stdout]                                at libstd/panicking.rs:211
Dec 03 13:55:23.668 INFO [stdout]    3:     0x55b532f30fc4 - std::panicking::default_hook::h9e3966f2aa2a6e12
Dec 03 13:55:23.668 INFO [stdout]                                at libstd/panicking.rs:227
Dec 03 13:55:23.668 INFO [stdout]    4:     0x55b532f3193e - std::panicking::rust_panic_with_hook::h587f091ae747d080
Dec 03 13:55:23.668 INFO [stdout]                                at libstd/panicking.rs:476
Dec 03 13:55:23.668 INFO [stdout]    5:     0x55b532f314e1 - std::panicking::continue_panic_fmt::hb3a4fdede87f43a8
Dec 03 13:55:23.668 INFO [stdout]                                at libstd/panicking.rs:390
Dec 03 13:55:23.668 INFO [stdout]    6:     0x55b532f313c5 - rust_begin_unwind
Dec 03 13:55:23.668 INFO [stdout]                                at libstd/panicking.rs:325
Dec 03 13:55:23.668 INFO [stdout]    7:     0x55b532f71c4c - core::panicking::panic_fmt::h6f9cebf5e7474a0b
Dec 03 13:55:23.668 INFO [stdout]                                at libcore/panicking.rs:77
Dec 03 13:55:23.668 INFO [stdout]    8:     0x55b53297833c - core::result::unwrap_failed::h6bfd9975ad398b63
Dec 03 13:55:23.668 INFO [stdout]    9:     0x55b5329781b8 - <core::result::Result<T, E>>::unwrap::hcd1b769576ecdae3
Dec 03 13:55:23.668 INFO [stdout]   10:     0x55b5329742c7 - rust_out::main::h944e552f3f67b4ba
Dec 03 13:55:23.668 INFO [stdout]   11:     0x55b532978722 - std::rt::lang_start::{{closure}}::h75e93374870778fd
Dec 03 13:55:23.668 INFO [stdout]   12:     0x55b532f31362 - std::panicking::try::do_call::h52e7f80ff0fdcc45
Dec 03 13:55:23.668 INFO [stdout]                                at libstd/rt.rs:59
Dec 03 13:55:23.668 INFO [stdout]                                at libstd/panicking.rs:310
Dec 03 13:55:23.668 INFO [stdout]   13:     0x55b532f41419 - __rust_maybe_catch_panic
Dec 03 13:55:23.668 INFO [stdout]                                at libpanic_unwind/lib.rs:102
Dec 03 13:55:23.668 INFO [stdout]   14:     0x55b532f23c8a - std::rt::lang_start_internal::h38cae898de7f805c
Dec 03 13:55:23.668 INFO [stdout]                                at libstd/panicking.rs:289
Dec 03 13:55:23.668 INFO [stdout]                                at libstd/panic.rs:392
Dec 03 13:55:23.668 INFO [stdout]                                at libstd/rt.rs:58
Dec 03 13:55:23.668 INFO [stdout]   15:     0x55b532978704 - std::rt::lang_start::h75a65a13903c9f73
Dec 03 13:55:23.668 INFO [stdout]   16:     0x55b532974a5a - main
Dec 03 13:55:23.668 INFO [stdout]   17:     0x7f689f1da82f - __libc_start_main
Dec 03 13:55:23.668 INFO [stdout]   18:     0x55b532972768 - _start
Dec 03 13:55:23.668 INFO [stdout]   19:                0x0 - <unknown>
Dec 03 13:55:23.668 INFO [stdout] 
Dec 03 13:55:23.668 INFO [stdout] ', librustdoc/test.rs:367:17
Dec 03 13:55:23.668 INFO [stdout] stack backtrace:
Dec 03 13:55:23.668 INFO [stdout]    0:     0x7ff9d726290f - std::sys::unix::backtrace::tracing::imp::unwind_backtrace::h3a8b83e1922cbdde
Dec 03 13:55:23.668 INFO [stdout]                                at libstd/sys/unix/backtrace/tracing/gcc_s.rs:49
Dec 03 13:55:23.668 INFO [stdout]    1:     0x7ff9d7247897 - std::sys_common::backtrace::print::h00d3155a29b4020f
Dec 03 13:55:23.668 INFO [stdout]                                at libstd/sys_common/backtrace.rs:71
Dec 03 13:55:23.668 INFO [stdout]                                at libstd/sys_common/backtrace.rs:59
Dec 03 13:55:23.668 INFO [stdout]    2:     0x7ff9d726dcef - std::panicking::default_hook::{{closure}}::hd7465c742e79e1bb
Dec 03 13:55:23.668 INFO [stdout]                                at libstd/panicking.rs:211
Dec 03 13:55:23.668 INFO [stdout]    3:     0x7ff9d726d9ee - std::panicking::default_hook::h9e3966f2aa2a6e12
Dec 03 13:55:23.668 INFO [stdout]                                at libstd/panicking.rs:221
Dec 03 13:55:23.668 INFO [stdout]    4:     0x7ff9d93f8951 - rustc::util::common::panic_hook::h27965632b67fe74e
Dec 03 13:55:23.668 INFO [stdout]    5:     0x7ff9d726e4e6 - std::panicking::rust_panic_with_hook::h587f091ae747d080
Dec 03 13:55:23.668 INFO [stdout]                                at libstd/panicking.rs:480
Dec 03 13:55:23.668 INFO [stdout]    6:     0x7ff9d726e031 - std::panicking::continue_panic_fmt::hb3a4fdede87f43a8
Dec 03 13:55:23.668 INFO [stdout]                                at libstd/panicking.rs:390
Dec 03 13:55:23.668 INFO [stdout]    7:     0x7ff9d726df7e - std::panicking::begin_panic_fmt::h387afc7da9a10555
Dec 03 13:55:23.668 INFO [stdout]                                at libstd/panicking.rs:345
Dec 03 13:55:23.668 INFO [stdout]    8:     0x557fd0594ff8 - <rustdoc::test::Collector as rustdoc::test::Tester>::add_test::{{closure}}::{{closure}}::{{closure}}::h1a7d462b7674a13e
Dec 03 13:55:23.668 INFO [stdout]                                at librustdoc/test.rs:367
Dec 03 13:55:23.668 INFO [stdout]                                at librustdoc/test.rs:596
Dec 03 13:55:23.668 INFO [stdout]    9:     0x557fd054a1f8 - <scoped_tls::ScopedKey<T>>::set::h9a299037e2efdd79
Dec 03 13:55:23.668 INFO [stdout]                                at /cargo/registry/src/github.com-1ecc6299db9ec823/scoped-tls-0.1.2/src/lib.rs:155
Dec 03 13:55:23.668 INFO [stdout]                                at libsyntax/lib.rs:106
Dec 03 13:55:23.668 INFO [stdout]                                at /cargo/registry/src/github.com-1ecc6299db9ec823/scoped-tls-0.1.2/src/lib.rs:155
Dec 03 13:55:23.668 INFO [stdout]   10:     0x557fd034e601 - syntax::with_globals::hc9a23e436a64729f
Dec 03 13:55:23.668 INFO [stdout]                                at libsyntax/lib.rs:105
Dec 03 13:55:23.668 INFO [stdout]   11:     0x557fd0400dbb - std::panicking::try::do_call::hd95e3a92339aa7c0
Dec 03 13:55:23.668 INFO [stdout]                                at librustdoc/test.rs:593
Dec 03 13:55:23.668 INFO [stdout]                                at libstd/panic.rs:313
Dec 03 13:55:23.668 INFO [stdout]                                at libstd/panicking.rs:310
Dec 03 13:55:23.668 INFO [stdout]   12:     0x7ff9d727bcd9 - __rust_maybe_catch_panic
Dec 03 13:55:23.668 INFO [stdout]                                at libpanic_unwind/lib.rs:102
Dec 03 13:55:23.668 INFO [stdout]   13:     0x557fd0423f49 - rustc_driver::in_named_rustc_thread::h5d5326e5f9843b1f
Dec 03 13:55:23.668 INFO [stdout]                                at libstd/panicking.rs:289
Dec 03 13:55:23.668 INFO [stdout]                                at libstd/panic.rs:392
Dec 03 13:55:23.668 INFO [stdout]                                at librustc_driver/lib.rs:1546
Dec 03 13:55:23.668 INFO [stdout]   14:     0x557fd0562eb0 - <F as alloc::boxed::FnBox<A>>::call_box::h85b70bbf522f8d35
Dec 03 13:55:23.668 INFO [stdout]                                at librustdoc/test.rs:593
Dec 03 13:55:23.668 INFO [stdout]                                at liballoc/boxed.rs:672
Dec 03 13:55:23.668 INFO [stdout]   15:     0x7ff9d88dd022 - <F as alloc::boxed::FnBox<A>>::call_box::h37f4bb882553d58c
Dec 03 13:55:23.668 INFO [stdout]                                at libtest/lib.rs:1461
Dec 03 13:55:23.668 INFO [stdout]                                at liballoc/boxed.rs:672
Dec 03 13:55:23.668 INFO [stdout]   16:     0x7ff9d727bcd9 - __rust_maybe_catch_panic
Dec 03 13:55:23.668 INFO [stdout]                                at libpanic_unwind/lib.rs:102
Dec 03 13:55:23.668 INFO [stdout]   17:     0x7ff9d8905462 - std::sys_common::backtrace::__rust_begin_short_backtrace::hb8f0d0309526c184
Dec 03 13:55:23.669 INFO [stdout]                                at libstd/panicking.rs:289
Dec 03 13:55:23.669 INFO [stdout]                                at libstd/panic.rs:392
Dec 03 13:55:23.669 INFO [stdout]                                at libtest/lib.rs:1423
Dec 03 13:55:23.669 INFO [stdout]                                at libstd/sys_common/backtrace.rs:136
Dec 03 13:55:23.669 INFO [stdout]   18:     0x7ff9d8906204 - std::panicking::try::do_call::hc2f7c8b9a348d8db
Dec 03 13:55:23.669 INFO [stdout]                                at libstd/thread/mod.rs:409
Dec 03 13:55:23.669 INFO [stdout]                                at libstd/panic.rs:313
Dec 03 13:55:23.669 INFO [stdout]                                at libstd/panicking.rs:310
Dec 03 13:55:23.669 INFO [stdout]   19:     0x7ff9d727bcd9 - __rust_maybe_catch_panic
Dec 03 13:55:23.669 INFO [stdout]                                at libpanic_unwind/lib.rs:102
Dec 03 13:55:23.669 INFO [stdout]   20:     0x7ff9d88ee94c - <F as alloc::boxed::FnBox<A>>::call_box::h6bfded618e480b32
Dec 03 13:55:23.669 INFO [stdout]                                at libstd/panicking.rs:289
Dec 03 13:55:23.669 INFO [stdout]                                at libstd/panic.rs:392
Dec 03 13:55:23.669 INFO [stdout]                                at libstd/thread/mod.rs:408
Dec 03 13:55:23.669 INFO [stdout]                                at liballoc/boxed.rs:672
Dec 03 13:55:23.669 INFO [stdout]   21:     0x7ff9d7268c9d - std::sys_common::thread::start_thread::h4c28257d67cdf9cb
Dec 03 13:55:23.669 INFO [stdout]                                at liballoc/boxed.rs:682
Dec 03 13:55:23.669 INFO [stdout]                                at libstd/sys_common/thread.rs:24
Dec 03 13:55:23.669 INFO [stdout]   22:     0x7ff9d723e4d5 - std::sys::unix::thread::Thread::new::thread_start::hfecb2e7eff8fd34f
Dec 03 13:55:23.669 INFO [stdout]                                at libstd/sys/unix/thread.rs:90
Dec 03 13:55:23.669 INFO [stdout]   23:     0x7ff9d6dca6b9 - start_thread
Dec 03 13:55:23.669 INFO [stdout]   24:     0x7ff9d68ea41c - clone
Dec 03 13:55:23.669 INFO [stdout]   25:                0x0 - <unknown>
Dec 03 13:55:23.669 INFO [stdout] query stack during panic:
Dec 03 13:55:23.669 INFO [stdout] end of query stack
Dec 03 13:55:23.669 INFO [stdout] 
Dec 03 13:55:23.669 INFO [stdout] 
Dec 03 13:55:23.669 INFO [stdout] failures:
Dec 03 13:55:23.669 INFO [stdout]     src/lib.rs -  (line 8)
Dec 03 13:55:23.669 INFO [stdout]     src/v2/mod.rs - v2 (line 9)
Dec 03 13:55:23.669 INFO [stdout] 
Dec 03 13:55:23.669 INFO [stdout] test result: FAILED. 1 passed; 2 failed; 0 ignored; 0 measured; 0 filtered out
Dec 03 13:55:23.669 INFO [stdout] 
Dec 03 13:55:23.687 INFO [stderr] error: test failed, to rerun pass '--doc'
Dec 03 13:55:23.687 INFO [stderr] su: No module specific data is present
Dec 03 13:55:24.101 INFO running `"docker" "inspect" "cdfb49bf08ea4ed96f14b1ae0739807c4b5ad3b7455c8a1dcfd33bf4c67c0513"`
Dec 03 13:55:24.261 INFO running `"docker" "rm" "-f" "cdfb49bf08ea4ed96f14b1ae0739807c4b5ad3b7455c8a1dcfd33bf4c67c0513"`
Dec 03 13:55:24.607 INFO [stdout] cdfb49bf08ea4ed96f14b1ae0739807c4b5ad3b7455c8a1dcfd33bf4c67c0513
